 -301*x - 15351. Calculate p(-51).
0
Let t(f) = 3*f**3 - 23*f**2 + 27*f - 258. What is t(8)?
22
Let u(h) = h**3 - 50*h**2 + 618*h + 32. Give u(26).
-124
Let f(j) = j - 356. Determine f(36).
-320
Let n(s) = -8*s**2 + 463*s - 2114. Calculate n(5).
1
Let f(u) = -29*u**2 - 32*u - 86. Give f(-3).
-251
Let l(v) = -v**3 + 24*v**2 + 26*v - 25. What is l(25)?
0
Let v(q) = -124*q**2 + 123*q - 4. What is v(1)?
-5
Let k(b) = 2*b**3 - 26*b**2 + 31*b + 14. Determine k(11).
-129
Let p(o) = -12618*o + 113568. What is p(9)?
6
Let o(x) = 2835*x - 25512. What is o(9)?
3
Let d(q) = -65*q - 1507. Determine d(-23).
-12
Let k(l) = -2*l**2 - 53*l - 274. Determine k(-19).
11
Let r(b) = -13*b**2 + 3063*b + 1182. What is r(236)?
2
Let d(q) = 2*q + 698. What is d(30)?
758
Let j(c) = c**3 + 19*c**2 + 31*c + 950. What is j(-20)?
-70
Let n(r) = 5*r + 81. What is n(-26)?
-49
Let m(u) = 16*u + 82. What is m(-10)?
-78
Let c(p) = -5*p**2 + 31*p - 3. Give c(6).
3
Let m(g) = -g**3 + 17*g**2 - 11*g - 19. What is m(14)?
415
Let z(k) = -27*k**2 - 82*k - 1. Calculate z(-5).
-266
Let w(y) = -3*y**2 - 309*y + 102. Give w(-100).
1002
Let r(m) = 2*m**3 - 273*m**2 - 199*m + 8495. Determine r(137).
1
Let b(a) = a**3 + 42*a**2 + 3*a - 22. Calculate b(-42).
-148
Let p(x) = -x**2 + 175*x - 685. What is p(4)?
-1
Let c(b) = b**2 + 4*b + 17. What is c(-10)?
77
Let a(p) = 20*p + 343. Calculate a(-28).
-217
Let o(v) = 3*v - 296. Give o(31).
-203
Let j(h) = -h**2 - 112*h + 3261. Calculate j(24).
-3
Let a(x) = -132*x - 206. Determine a(-2).
58
Let d(w) = -28*w - 1166. Determine d(-43).
38
Let n(d) = d**2 + 20*d - 100. Calculate n(-17).
-151
Let c(k) = -8*k + 116. What is c(50)?
-284
Let v(j) = -j**3 - 11*j**2 - 37*j - 386. Calculate v(-11).
21
Let g(s) = -2*s**2 + 37*s - 119. Calculate g(14).
7
Let y(w) = -158*w - 2552. Determine y(-16).
-24
Let q(y) = -2*y**3 - 18*y**2 - 18*y. What is q(-8)?
16
Let g(w) = -w**2 + 8*w - 42. What is g(-9)?
-195
Let t(y) = -34*y**2 + 808*y + 194. Give t(24).
2
Let w(y) = 2*y**3 + 74*y**2 + 29*y - 1527. Give w(-36).
21
Let h(w) = 27*w + 264. Determine h(-10).
-6
Let k(t) = -t**3 - 37*t**2 - 35*t - 7. Determine k(-36).
-43
Let r(y) = 27*y + 140. Calculate r(-5).
5
Let b(x) = -2*x**3 + 8*x**2 - 2*x - 6. Give b(1).
-2
Let p(z) = z**3 - 22*z**2 + 18*z + 32. Calculate p(21).
-31
Let j(b) = 2*b**2 + 96*b - 186. Determine j(-50).
14
Let f(n) = -n**3 - 65*n**2 + 74*n + 534. Calculate f(-66).
6
Let t(q) = 14*q**2 + 3925*q + 1386. What is t(-280)?
-14
Let f(g) = -14*g**3 + 251*g**2 + 22*g - 88. What is f(18)?
-16
Let c(w) = -w**2 + 177*w - 1200. Give c(7).
-10
Let q(m) = 2097*m - 14698. Give q(7).
-19
Let f(p) = 50*p - 1382. Determine f(26).
-82
Let f(s) = 69*s + 691. Determine f(-11).
-68
Let p(g) = -g**3 + 5*g**2 + 201*g + 51. Determine p(17).
0
Let q(z) = 2*z**2 + 4*z - 91. Give q(7).
35
Let t(r) = -8*r**2 + 46*r - 55. Calculate t(7).
-125
Let u(h) = 12*h - 33. Give u(4).
15
Let o(t) = -155*t - 112. Determine o(1).
-267
Let n(w) = 200*w - 14789. Calculate n(74).
11
Let a(w) = 5*w**2 - 366*w - 41. Calculate a(73).
-114
Let x(a) = -a**2 + 47*a - 116. What is x(47)?
-116
Let x(p) = -4*p**2 + 250*p + 635. Determine x(65).
-15
Let t(w) = -5*w - 17. What is t(-10)?
33
Let k(o) = -10*o**2 - 374*o - 43. Determine k(-36).
461
Let y(p) = 150*p**2 - 2997*p - 23. What is y(20)?
37
Let b(v) = -30*v**3 + 7*v**2 - 6*v - 19. Give b(2).
-243
Let o(y) = -2*y**2 - 26*y - 125. What is o(8)?
-461
Let m(o) = 220*o - 1118. Give m(5).
-18
Let x(d) = 296*d**2 + 1184*d - 5. Determine x(-4).
-5
Let t(r) = -188*r + 1498. Calculate t(8).
-6
Let z(m) = -m**3 + 35*m**2 + 250*m + 18. Calculate z(41).
182
Let a(f) = 24*f - 188. Give a(7).
-20
Let g(x) = -26*x + 4288. Give g(165).
-2
Let w(b) = 655*b + 37307. What is w(-57)?
-28
Let f(c) = 721*c + 656. What is f(-1)?
-65
Let x(q) = -74*q**2 + q - 2. Calculate x(1).
-75
Let d(v) = -v**3 - 104*v**2 + 21*v + 2183. Give d(-104).
-1
Let b(s) = -151*s**2 + 3923*s + 36. What is b(26)?
-42
Let z(g) = 8*g - 311. Determine z(40).
9
Let u(h) = -8*h**2 + 154*h + 6. Determine u(20).
-114
Let i(w) = -81*w**2 + 19*w + 18. Determine i(-1).
-82
Let q(z) = z**2 + 10*z - 2400. Give q(44).
-24
Let b(p) = -94*p - 6938. Give b(-72).
-170
Let q(b) = -b**3 + 6*b**2 + 16*b - 42. Calculate q(9).
-141
Let n(o) = o**3 + 67*o**2 + 1064*o - 33. Calculate n(-26).
19
Let z(i) = 3*i**2 + 38*i + 76. Give z(-2).
12
Let l(y) = -y**2 - 44*y + 145. What is l(3)?
4
Let d(z) = 3*z**2 - 473*z - 19556. Give d(-34).
-6
Let s(k) = 6*k**2 + 57*k - 40. What is s(-10)?
-10
Let f(p) = -69*p - 42. Calculate f(1).
-111
Let u(b) = 2*b**3 - 67*b**2 + 388*b + 51. What is u(26)?
-1
Let w(m) = 8*m**2 + 58*m - 5562. Calculate w(23).
4
Let k(u) = 305*u + 979. Calculate k(-4).
-241
Let w(v) = -v**3 + 14*v**2 - 68*v + 68. Calculate w(6).
-52
Let z(j) = -j**2 - 93*j - 985. Give z(-79).
121
Let s(k) = k**2 - 63*k - 50. Give s(62).
-112
Let a(g) = -g**3 + 5*g**2 + 33*g + 25. Calculate a(9).
-2
Let s(u) = -2*u**3 + 41*u**2 - 135*u + 824. What is s(18)?
14
Let a(g) = 4*g**3 - 51*g**2 - 14*g + 13. Give a(13).
0
Let c(b) = -11*b**2 - 43*b - 18. Determine c(-4).
-22
Let z(f) = -2*f**3 - 81*f**2 + 14*f - 1115. What is z(-41)?
-8
Let m(q) = q**3 - 14*q**2 - 62*q + 198. Determine m(17).
11
Let z(h) = -2*h**2 - 27*h - 213. What is z(-18)?
-375
Let b(m) = -m**3 - 329*m**2 - 7032*m + 1826. Calculate b(-306).
-10
Let b(w) = 24*w**2 - 43*w - 47. Determine b(-1).
20
Let g(w) = 169*w**3 - w**2 + 5*w + 3. What is g(-1)?
-172
Let m(w) = -66*w - 98. Determine m(-4).
166
Let t(z) = 2*z**3 + 22*z**2 - 19*z - 236. What is t(-11)?
-27
Let z(v) = -2*v**2 + 326*v + 1638. What is z(-5)?
-42
Let m(d) = -d**2 - 1218*d + 10. What is m(0)?
10
Let v(p) = -238*p - 12. What is v(-2)?
464
Let n(f) = -f**2 - 12*f - 9. Determine n(-7).
26
Let i(j) = -j**3 - 69*j**2 - 511*j + 255. Calculate i(-9).
-6
Let h(r) = -r**3 - 17*r**2 - 22*r - 478. Determine h(-17).
-104
Let j(h) = -6*h**2 - 2*h + 265. What is j(10)?
-355
Let l(w) = -130*w**3 + 3*w**2 + 4*w. Calculate l(-1).
129
Let c(v) = -7*v**2 + 107*v - 32. Determine c(15).
-2
Let l(y) = -11*y**3 - y**2 + 108*y - 108. What is l(1)?
-12
Let a(l) = 8*l**2 + 516*l + 264. Determine a(-64).
8
Let n(q) = -13*q**2 - 167*q + 16. Calculate n(-13).
-10
Let t(o) = -2*o**2 - 11*o + 385. Give t(-17).
-6
Let w(a) = a**3 - 15*a**2 - 82*a + 134. Give w(19).
20
Let c(z) = 15*z**2 - 113*z - 730. Determine c(-6).
488
Let w(a) = -895*a - 16112. Determine w(-18).
-2
Let w(y) = -156*y + 169. What is w(1)?
13
Let r(m) = -126*m - 132. What is r(-1)?
-6
Let f(r) = -22*r - 36. Give f(-2).
8
Let y(m) = 248*m + 19841. Determine y(-80).
1
Let h(d) = -d**3 + 2*d**2 - 7*d - 31. What is h(-5)?
179
Let d(y) = 29*y**3 + 3*y**2 - y - 3. Determine d(-1).
-28
Let s(o) = -49*o**2 - 4506*o + 181. Give s(-92).
-3
Let r(b) = 14*b + 212. Determine r(-15).
2
Let f(c) = -287*c + 1141. Give f(6).
-581
Let g(q) = -25*q**3 - 2*q**2 + 12*q - 23. Determine g(2).
-207
Let o(j) = 139*j - 16007. Give o(115).
-22
Let j(k) = -9*k + 66. Give j(-13).
183
Let r(a) = -a**2 - 58*a - 414. What is r(-50)?
-14
Let r(v) = 210*v + 35085. Calculate r(-167).
15
Let d(s) = s**3 - 149*s**2 - 1085*s - 1094. Give d(156).
-2
Let u(k) = k - 102. Give u(9).
-93
Let v(h) = h**2 + 47*h - 2001. What is v(-74)?
-3
Let t(l) = -4*l**3 - 36*l**2 - 17*l - 36. What is t(-6)?
-366
Let t(x) = -x**3 - 19*x**2 - 17*x - 10. Give t(-18).
-28
Let g(w) = w**3 - 6*w**2 - 7*w - 22. Determine g(-5).
-262
Let h(u) = 2066*u - 10310. Determine h(5).
20
Let q(b) = -1048*b**2 + 25150*b + 52. Determine q(24).
4
Let t(j) = j**3 + 2*j**2 - 19*j - 38. Determine t(-5).
-18
Let x(d) = d**3 + 53*d**2 + 102*d + 1. Determine x(-51).
1
Let n(b) = -172*b + 151. Calculate n(2).
-193
Let z(y) = 219*y + 1651. Calculate z(-10).
-539
Let r(d) = -3*d**2 + 36*d + 124. Determine r(-3).
-11
Let c(w) = -38*w - 440. Calculate c(-10).
-60
Let v(b) = -14*b - 149. Calculate v(-20).
131
Let u(s) = 72*s - 4107. What is u(57)?
-3
Let p(h) = -h**3 + 12*h**2 + 35*h - 426. Give p(12).
-6
Let s(o) = -o**2 - 29*o + 905. Determine s(-48).
-7
Let f(u) = 2*u**3 + 76*u**2 + 593*u - 34. Calculate f(-11).
-23
Let p(f) = 13*f**2 + 695*f - 47. What is p(-53)?
-365
Let q(n) = -6*n**2 - 89*n - 49. What is q(-10)?
241
Let s(r) = -15*r**2 + 43*